s 1992761 a composite number?
False
Is 1167373 composite?
True
Is 57034151 a composite number?
True
Is 6298039 composite?
True
Is 4264979 prime?
True
Is 141632501 a prime number?
False
Is 2843627 a composite number?
False
Is 9684499 a composite number?
True
Is 5741689 prime?
True
Is 11688683 composite?
True
Is 25888921 a prime number?
True
Is 648384439 prime?
True
Is 47155633 a composite number?
True
Is 1034841757 prime?
True
Is 97617367 a composite number?
False
Is 17942143 prime?
False
Is 141474563 a prime number?
True
Is 255654163 a composite number?
False
Is 1217 a prime number?
True
Is 17406943 prime?
False
Is 71086031 a composite number?
True
Is 6352183 a prime number?
True
Is 39608401 a composite number?
True
Is 103602911 a prime number?
True
Is 583307573 a composite number?
True
Is 2732921 a composite number?
False
Is 3248131 a prime number?
True
Is 1874237 a composite number?
True
Is 88991867 a prime number?
False
Is 219479973 a prime number?
False
Is 449699741 a prime number?
True
Is 1618687 a composite number?
True
Is 31598389 a prime number?
False
Is 480814321 a composite number?
True
Is 1951454303 composite?
False
Is 106338577 prime?
False
Is 163537 a composite number?
True
Is 146147 prime?
False
Is 272995799 composite?
False
Is 175405 composite?
True
Is 7728527 a composite number?
False
Is 323940637 a prime number?
True
Is 39020411 a prime number?
True
Is 2335381 composite?
False
Is 1395929 a composite number?
True
Is 26793833 prime?
False
Is 1667473 a composite number?
False
Is 7065239 a composite number?
False
Is 22995113 a prime number?
True
Is 11268806 prime?
False
Is 4518307 a composite number?
False
Is 32756953 prime?
True
Is 116251001 a prime number?
False
Is 5675711 prime?
True
Is 615553 prime?
False
Is 140243053 a prime number?
True
Is 1712111 prime?
False
Is 568843 composite?
True
Is 6532247 a prime number?
False
Is 205660103 a prime number?
False
Is 165161 composite?
False
Is 3192121 prime?
True
Is 240180983 a composite number?
True
Is 101774873 a prime number?
False
Is 48573929 prime?
False
Is 686832431 a prime number?
True
Is 357168599 a composite number?
False
Is 339331199 composite?
True
Is 73359697 a composite number?
False
Is 50909527 a prime number?
True
Is 31113253 a composite number?
False
Is 152335 a composite number?
True
Is 3392993 a composite number?
False
Is 18692741 composite?
True
Is 818999221 a composite number?
True
Is 853989161 a prime number?
True
Is 144659 a composite number?
False
Is 88075985 a composite number?
True
Is 66513767 prime?
False
Is 756227 composite?
False
Is 100907 prime?
True
Is 798999 prime?
False
Is 202409 composite?
False
Is 202183 composite?
False
Is 15926741 a prime number?
False
Is 601712963 a prime number?
True
Is 36662807 a composite number?
False
Is 887903 a composite number?
False
Is 92765521 prime?
True
Is 21289 a prime number?
False
Is 472705 composite?
True
Is 69111571 a prime number?
False
Is 57245829 prime?
False
Is 22368513 a prime number?
False
Is 1033041 a composite number?
True
Is 13575154 a prime number?
False
Is 350819809 a prime number?
False
Is 7021979 a composite number?
False
Is 7259587 a prime number?
False
Is 1412195 a composite number?
True
Is 28924529 a prime number?
True
Is 2670131 prime?
True
Is 97729739 prime?
False
Is 17541607 a composite number?
True
Is 69050317 a prime number?
False
Is 411779 a composite number?
False
Is 500519 a prime number?
True
Is 3556219 prime?
True
Is 130187353 prime?
False
Is 17888249 a prime number?
True
Is 1637849 a composite number?
True
Is 19103369 a composite number?
False
Is 84888611 a composite number?
False
Is 200932169 composite?
True
Is 17931389 a prime number?
False
Is 7129649 a composite number?
True
Is 1289918321 a prime number?
True
Is 46322179 a composite number?
False
Is 3116827 a composite number?
True
Is 21001891 composite?
True
Is 460021 prime?
False
Is 129309131 a prime number?
False
Is 13992731 a composite number?
False
Is 12784301 composite?
False
Is 619779 a prime number?
False
Is 7645159 a composite number?
False
Is 11323513 a composite number?
True
Is 25992011 composite?
False
Is 21468563 a composite number?
False
Is 1081831 prime?
False
Is 34571113 a composite number?
False
Is 29933053 a prime number?
True
Is 124821031 a composite number?
False
Is 45094853 a composite number?
False
Is 1586807 composite?
True
Is 16442287 composite?
False
Is 63881 a composite number?
True
Is 21210643 a composite number?
True
Is 1055635657 a composite number?
False
Is 1265197 a composite number?
False
Is 1664291 composite?
False
Is 21689927 a prime number?
False
Is 151724539 a composite number?
False
Is 544750241 prime?
False
Is 12216389 prime?
True
Is 3368069 a composite number?
True
Is 554597 a composite number?
False
Is 96819311 prime?
True
Is 2414171 a prime number?
True
Is 4626907 a prime number?
False
Is 1821077 a prime number?
False
Is 1174601 composite?
False
Is 61754557 a composite number?
True
Is 64402739 composite?
True
Is 127593343 prime?
True
Is 163898171 composite?
True
Is 1590893 composite?
False
Is 55389535 a composite number?
True
Is 13940789 prime?
True
Is 1352951 a prime number?
False
Is 695071067 a prime number?
False
Is 263983 a prime number?
True
Is 90953147 a composite number?
False
Is 358868129 a composite number?
True
Is 31974683 a prime number?
False
Is 5966651 a composite number?
False
Is 5101643 a composite number?
False
Is 6370414 prime?
False
Is 255417829 a prime number?
False
Is 6382583 a prime number?
True
Is 54124003 composite?
False
Is 2100487 composite?
False
Is 56016781 prime?
False
Is 2130803 composite?
False
Is 103552259 prime?
False
Is 8259137 prime?
True
Is 142819 a prime number?
False
Is 196408319 a composite number?
False
Is 1595267 a prime number?
True
Is 127239173 composite?
False
Is 9640177 a prime number?
False
Is 113786 composite?
True
Is 3805996739 prime?
True
Is 72737 prime?
False
Is 17313911 composite?
False
Is 163275401 a composite number?
False
Is 18329 a prime number?
True
Is 52106177 a prime number?
True
Is 2472809 composite?
False
Is 163349 a composite number?
True
Is 11473439 a prime number?
True
Is 3158395 a prime number?
False
Is 180255521 a composite number?
False
Is 5680651 a composite number?
True
Is 6848903 a composite number?
False
Is 3453251 a prime number?
True
Is 19031 composite?
False
Is 9074519 composite?
False
Is 409380893 prime?
False
Is 19386599 a prime number?
False
Is 20329814 prime?
False
Is 2419867 a prime number?
True
Is 16438607 a prime number?
True
Is 14797577 composite?
False
Is 6070793 prime?
False
Is 119934851 a composite number?
True
Is 47695771 prime?
True
Is 458932013 a composite number?
False
Is 1687781 composite?
False
Is 15220973 prime?
True
Is 392783 a composite number?
True
Is 11220457 prime?
True
Is 40656761 prime?
True
Is 515173 a composite number?
False
Is 12152269 prime?
True
Is 110486023 composite?
False
Is 31337821 a composite number?
True
Is 4047487 a prime number?
True
Is 9544751 a composite number?
True
Is 166304119 a prime number?
False
Is 6793833 prime?
False
Is 208204261 composite?
True
Is 250573409 composite?
False
Is 8820563 prime?
True
Is 58445587 a composite number?
False
Is 35431981 a composite number?
True
Is 99790589 a composite number?
False
Is 5488381 a prime number?
True
Is 29677979 a composite number?
False
Is 159727 composite?
True
Is 708443 a composite number?
True
Is 124500589 a composite number?
False
Is 45077763 prime?
False
Is 50377667 prime?
True
Is 278324961 a composite number?
True
Is 7298699 a composite number?
False
Is 70416706 composite?
True
Is 251969633 composite?
False
Is 1000081 prime?
True
Is 38076895 composite?
True
Is 1156483 prime?
True
Is 55378543 a composite number?
True
Is 291011803 prime?
True
Is 26042761 a composite number?
False
Is 7276273 a composite number?
True
Is 454673 a composite number?
False
Is 276691715 a composite number?
True
Is 82939249 a composite number?
False
Is 14957003 a composite number?
True
Is 7125461 a prime number?
False
Is 226516739 a prime number?
True
Is 88633939 prime?
True
Is 479683957 a prime number?
True
Is 19141027 composite?
False
Is 12176077 composite?
False
Is 17265089 a composite number?
False
Is 202696454 a composite number?
True
Is 324067 prime